7. Let j = q + 21. Is j a composite number?
False
Suppose -x = -3*r - 6*x - 2, -2*r + 28 = -4*x. Is (-44)/r*105/(-10) composite?
True
Let t be (-1)/((-2)/(-48)*-2). Is (-4)/(-16) + 633/t a prime number?
True
Suppose -7 = -5*d + 3, -5*n + 294 = -3*d. Suppose -3*m - 2*t = -5*m + 10, 9 = 3*m - t. Is n + (3/3 - m) composite?
False
Suppose 5*v = -2*f + 40, 4*v - 17 = -5*f + 15. Suppose -4*u - 572 = -v*u. Is u a composite number?
True
Suppose -2250 - 515 = -7*l. Is l a prime number?
False
Let k = 4 + -4. Let t be 3 - 1 - k/(-2). Is -1 - -6 - t/(-2) a prime number?
False
Let m be -1 - -3 - (-4 - -4). Let w(h) = -6*h**2 - 2*h + 1. Let o be w(m). Let r = 46 + o. Is r a composite number?
False
Suppose -3*h - 2*h = 3*q - 639, -2*q - 5*h + 426 = 0. Is q prime?
False
Let f be (-4)/18 + 188/36. Let m = 6 - f. Is 2/m - 159/(-3) composite?
True
Let n(t) = t**3 + 3*t**2 + 7*t + 3. Let y(c) = -c**2 - 3*c + 8. Let m be y(-4). Is n(m) prime?
False
Let j be 243 + 0/(2 + 3). Let w(c) = -c**3 - 3*c**2 + 3*c - 4. Let r be w(-4). Suppose f + 5 = -0*f, r = -4*u - 5*f + j. Is u prime?
True
Suppose 480 = 3*z + c, -4*z + 629 = 3*c + 2*c. Is z a prime number?
False
Let n(y) = -y**3 + 3*y**2 - 2*y + 1. Let k be n(1). Suppose 3*o - k = z, -o - 2*z = -6*o + 3. Is -1 + 0 - o - -25 a composite number?
True
Is (-9738)/(-8) - (5 + (-76)/16) a prime number?
True
Let j be (-1 - 37/5)*-5. Suppose j = r + 2*r. Suppose 0 = 5*s - 3*s - r. Is s a composite number?
False
Suppose 0 = -l - 9 - 0. Let g be 2/(-9) - (-1348)/l. Let d = g + 261. Is d a composite number?
True
Suppose 5*c - 4201 = 3*l, 4*c - 2*c - 1682 = 2*l. Is c a prime number?
True
Let h be 0 + 0/4 + 3. Suppose -2*t - h*t = -95. Is t a prime number?
True
Let x = -55 + 35. Let q = 87 + x. Is q a prime number?
True
Let p = 21 - -29. Is -2*47*p/(-20) a composite number?
True
Let t = 15 - 10. Suppose 3*b + 5*h - t = 0, 3*b + 5*h - 6*h = -1. Let w(d) = -d**2 + d + 6. Is w(b) prime?
False
Let k be ((-2)/1)/((-2)/88). Suppose 4*f = m + 18, -3*f = m + m - 8. Suppose 2*c - 58 = -f*y + k, -110 = -3*y - c. Is y composite?
False
Suppose 2259 = -3*s + 5790. Is s prime?
False
Let z(x) = 19*x**2 - 8. Is z(-3) a composite number?
False
Is ((-2)/(-8))/(-4*2/(-3104)) a composite number?
False
Let g be (-8)/12 - 11/(-3). Suppose 0 = g*r - 2*r - 57. Is r composite?
True
Is (2 - -1) + -1 - -175 prime?
False
Let o = -4 - -4. Let i = 19 - o. Is i composite?
False
Suppose -g - 6 = -2*f - 0*f, 4*g = -3*f + 20. Suppose h = g - 1. Is 2 - h - 138/(-3) prime?
True
Let o(b) = 12*b**2 - b - 1. Let z be o(-1). Suppose 2*i - 6*i = -z. Suppose 5*d - 2*k = 111, -d + i*d = -4*k + 30. Is d a prime number?
False
Let m be ((-2)/(-6))/((-3)/(-72)). Let i = 23 + m. Is i composite?
False
Let n be (-382)/(-12) + (-9)/(-54). Is 8/24 + n/3 composite?
False
Let t = 25 - 21. Is t composite?
True
Let w(s) = -s**2 - 3*s + 4. Let k be w(-3). Suppose -720 = -f - 5*b, -4*f + f = k*b - 2105. Is f composite?
True
Let z(f) = 5*f**2 + 6*f + 7. Let q be z(-5). Let u(k) = k**2 - 3*k - 2. Let j be u(4). Suppose 0 = 4*v - 2*n + 4*n - 200, 0 = j*v + 2*n - q. Is v prime?
False
Suppose -m = -13*p + 11*p - 249, m + 2*p - 269 = 0. Is m composite?
True
Suppose 2*c - 1421 = -5*c. Is c prime?
False
Let i(n) be the third derivative of -n**6/120 - n**5/15 + n**4/6 - 5*n**3/6 - n**2. Let h be i(-5). Is h - (-1)/((-1)/(-21)) a composite number?
True
Let d(k) = -21*k + 1. Let t be d(-2). Let l = 74 - t. Is l a prime number?
True
Suppose -z - 7*z + 1784 = 0. Is z a prime number?
True
Suppose z - 4*z = -5*m + 13, 3 = -3*z. Suppose 4*d = -5*q + 8, 0*q + 4 = 2*d + m*q. Suppose 0*x = -d*x + 92. Is x a composite number?
True
Let c be 872/(-8)*1*-1. Let a = -58 + c. Is a prime?
False
Suppose -3 - 1 = -4*q. Suppose -k - q = -2*w + 8, -2*k - 5*w + 27 = 0. Let g(c) = 56*c**2 - c. Is g(k) composite?
True
Let p(q) = -q**3 + 3*q**2 + 2. Let d be p(3). Suppose d*c - 3*i = 59 + 34, i - 34 = -c. Is c prime?
False
Suppose 0 = 4*g + b + 77 + 279, 4*b + 254 = -3*g. Let s = g + 145. Is s a composite number?
True
Let i be (-48)/(-27) + 2/9. Is 874/6 - i/3 prime?
False
Let c = 6 + -9. Is 322*-3*c/18 prime?
False
Suppose 4*n - 6 = 2*n. Suppose u - n*u + 154 = 0. Is u composite?
True
Suppose 0 = -2*d + 4*d - 886. Is d prime?
True
Let a be (-3)/(-9) - (-944)/3. Let d = a + -202. Suppose 0 = -0*z + z + 5*q - 42, 3*z - d = -2*q. Is z a prime number?
True
Suppose v + 445 = 6*v. Let o be -6*(-3)/6*v. Let y = o + -178. Is y composite?
False
Let n = 6 + -7. Let f(r) = 15*r**2 - r - 1. Is f(n) composite?
True
Let j(o) = -o**3 + 20*o**2 - 10*o - 44. Is j(13) prime?
True
Let i(d) = -d + 1. Let f = 9 + -9. Let h be i(f). Suppose 9 = k - h. Is k prime?
False
Let t be (1/2)/(1/24). Let u = 8 - t. Is 158/(u/(-2)*1) prime?
True
Let t(j) = 40*j. Let w be t(-9). Let n = -233 - w. Is n a composite number?
False
Let b be 9/24 + 29460/32. Suppose s + 2*s = b. Is s a composite number?
False
Let f(y) = 36 + 19 + 8 - 10 + y**2. Is f(0) a prime number?
True
Let r be (-259)/(-42) + (-2)/12. Suppose 5*u = r + 869. Suppose 5*s + 0*s - u = 0. Is s a prime number?
False
Let r(o) = 2*o**2 + 9*o + 5. Let p be r(11). Suppose 4*d = 5*t + p, t + 16 = 2*d - 160. Is d prime?
True
Let y(i) = -6*i**3 + i**2 - 4*i - 1. Is y(-4) a composite number?
True
Let c(r) = 2*r**3 - r - 4. Let o be c(-3). Let h = 180 + o. Suppose h = 2*w - 121. Is w a prime number?
False
Suppose 2*j = -4*l + 2658, -8*j + 3*j = 3*l - 6610. Is j a prime number?
True
Suppose 2*w - 2865 = -3*w. Let l = -388 + w. Is l a composite number?
True
Is ((-6)/(-4))/((-6)/(-16)) + 187 prime?
True
Let f be -963 + -4 + 1*-1. Let c be (-1*4)/2 + f. Is (-12)/42 + c/(-14) a composite number?
True
Is (3 + (-24)/9)*1119 composite?
False
Is 0 + 1275/3 + (-3 - 0) prime?
False
Suppose -2*u + 3*u = 0. Suppose -3*c - c + 212 = u. Is c composite?
False
Let b be 46/10 + (-6)/10. Let i = 10 + b. Is i prime?
False
Let p be (-1*25 - -2) + 1. Let y = 39 + p. Let k = y - -62. Is k composite?
False
Let g(h) = 2*h. Let i be g(1). Suppose -3*x - 563 = -5*v - x, -226 = -i*v + x. Is v a prime number?
False
Let u be 2*-46*(-2)/8. Suppose -7 = -2*k + u. Is k prime?
False
Let q = -23 - -189. Suppose n + 2*j - q = -n, -5*n + 5*j + 375 = 0. Is n a prime number?
True
Suppose 156 + 241 = -2*n - x, 4*x - 1025 = 5*n. Let q be (-2)/(-8) + n/(-12). Suppose -3*b - q = -74. Is b prime?
True
Is 26*94/8*2 composite?
True
Suppose 4*c + 15 = c. Let x(g) = 5*g**2 - 4*g - 2. Is x(c) a composite number?
True
Let v = -22 - -19. Let k be (-1 - (109 + 2)) + 2. Is (-4)/(-12) + k/v a composite number?
False
Suppose -5*g - s + 35 = -6*s, g - 13 = 4*s. Suppose -5*m + 8 - 3 = 0, -5*m = -g*w + 1010. Is w a composite number?
True
Let r(s) = -s**3 - s**2 - s + 6. Is r(-5) prime?
False
Let k be (-21)/(-12) + 1/4. Suppose -147 = -k*j + 189. Let f = 383 - j. Is f a prime number?
False
Suppose 4*v + 12 = 6*v. Is v/(-4)*(-662)/3 a prime number?
True
Suppose -x + 4*t = -75, -x + 4*t = 6*t - 45. Suppose -5*k + d = -203, -2*k + 3*k - x = 5*d. Suppose 2*l = -2*z - 0*z + k, 0 = l + 2. Is z prime?
False
Suppose 4*f - a - 56 = 3*a, 0 = 2*f + 2*a - 24. Is f composite?
False
Let u(z) = -442*z - 4. Let r be u(6). Let b be r/(-40) + 4/(-10). Suppose 0 = -i - 2*n + 41, 2*n - 6*n = -2*i + b. Is i prime?
True
Let o = 2 + -9. Let t(j) = -j + 4. Is t(o) a composite number?
False
Let s = -204 - -121. Suppose -4*i + 6*i + 344 = 0. Let n = s - i. Is n a prime number?
True
Let r(a) = -2*a**3 - 2*a**2 - a - 4. Let n be r(-3). Suppose -n = -2*f - 3*f. Is f prime?
True
Suppose -36127 = -5*m - 2*m. Is m prime?
False
Suppose -2*o - n + 258 - 25 = 0, -4*o - n + 471 = 0. Is o a prime number?
False
Suppose 2*r - 1271 = -3*t + 7*r, -4*t - r = -1710. Is t composite?
True
Suppose -19019 - 13341 = -8*n. Is n a composite number?
True
Let k be -182 - 2*1/1. Let w = 109 - k. Is w a composite number?
False
Suppose 0 = 5*f - 3534 + 929. Is f a composite number?
False
Suppose 3*h - 436 + 37 = 0. Is h composite?
True
Suppose 0 = -2*q + 2*o + 10, 4*q = -o + 3*o + 14. Let v = -2 - -3. Is 22/(1/(v/q)) prime?
True
Suppose 2*b - 16*b = -182. Is b a composite number?
False
Let o be (-2)/(-4)*4 + -1. Let u(m) = 57*m + 2. Is u(o) prime?
True
Let u = -13 - -30. Let d(j) = j**3 + 6*j**2 - 7*j + 2. Let 